 Let l be t(1). Let c = 5 - l. What is the highest common factor of 2 and c?
1
Let k(o) = -o**2 + 9*o - 3. Let p be k(9). Let l(j) = -j**2 - j + 1. Let u be l(-2). Let a = u - p. What is the greatest common factor of a and 5?
1
Let q(h) = h**2 + 5*h + 3. Let l be q(-5). Suppose 2*p = l*o + 8, p + 4*o - o = 4. Let g be p*(-1)/4*-13. What is the highest common divisor of g and 13?
13
Let m = 36 + -21. Suppose -s + 9 = 5. Suppose -w - 9 = 2*w, w = s*v - 303. Calculate the greatest common factor of v and m.
15
Let f be (2 - (3 + 2)) + -58. Let g = -31 - f. Calculate the highest common divisor of 20 and g.
10
Let t(u) = -13*u - 1 - 5*u - 2*u. Let h be (-8)/2 + -2 + 4. Let r be t(h). Calculate the highest common divisor of r and 13.
13
Let m(r) = -r - 1. Let h be m(3). Let n = h - -36. What is the greatest common factor of n and 4?
4
Let r be ((-21)/15 + 3)*(-4 - -9). Let x(i) = 3*i**2 + 2*i - 1. Let m be x(-5). What is the highest common divisor of m and r?
8
Let q(a) = -2*a + 0*a + 2*a - 2*a. Let c be q(-6). Calculate the greatest common divisor of 60 and c.
12
Suppose -c = 4*c - 5. Let w(i) be the third derivative of i**5/10 + i**3/6 + i**2. Let f be w(c). What is the greatest common factor of f and 7?
7
Let w(g) = 14*g**3 + 2*g**2 + g - 1. Let o be w(2). Calculate the highest common factor of 11 and o.
11
Let g(t) = t**3 - 4*t**2 + 4*t - 1. Let p be g(4). What is the greatest common divisor of 15 and p?
15
Suppose 5*k = -0*k - 105. Let a = 133 + k. Let b = 193 - a. What is the highest common divisor of 9 and b?
9
Let j = 75 - -45. Calculate the greatest common factor of 24 and j.
24
Let x(s) be the second derivative of -s**3/6 + 4*s**2 - 5*s. Let o be x(0). What is the highest common divisor of o and 4?
4
Suppose -20 = 2*n + 3*n - 5*z, -16 = 4*n + 5*z. Let t(c) = c**2 + 2*c + 4. Let o be t(n). What is the highest common factor of o and 132?
12
Let o(l) = l + 1. Let a be o(1). Let i be (-55)/(-10) - 1/a. Suppose -i*k + 0*k = -135. Calculate the greatest common divisor of k and 9.
9
Let l = -26 - -42. Calculate the highest common divisor of 144 and l.
16
Let s be (-3930)/(-150) + (-1 - -2)/(-5). What is the greatest common divisor of s and 13?
13
Suppose 5*u - 19 = -4*a, 0*u = 4*u - 12. What is the greatest common divisor of 1 and a?
1
Let u(d) = d + 15. Let r be u(-11). Suppose 0 = r*y - 23 + 3. Calculate the highest common factor of 35 and y.
5
Suppose -6 = -2*f - 3*r, 2*f - 2*r = 3*r - 10. Let v be (-2 - f) + -1 + 16. What is the greatest common factor of 13 and v?
13
Suppose -2*w = 4*t - 26, 0 = -2*w - t - 2*t + 28. Let m = w - 5. Let q = -4 + 28. Calculate the greatest common factor of q and m.
12
Suppose -13 = -3*k + 5. Let j be 0 + -1 + 2 + -4. Let p be ((-16)/j)/(1/9). Calculate the greatest common factor of p and k.
6
Suppose -4*z + 48 = s, z + s - 15 = -3. What is the highest common divisor of 6 and z?
6
Suppose 0 = 3*s + 5*l + 370, -5*s + l - 238 = -3*s. Let y = s + 281. Calculate the greatest common divisor of 23 and y.
23
Let o(x) = x**3 - 5*x**2 - 11*x - 17. Let z be o(7). Calculate the greatest common divisor of z and 10.
2
Suppose 5*d + 0*d = -200. Let s = 56 - d. Suppose -5*i = -15 - 45. Calculate the highest common factor of s and i.
12
Suppose 0 = -4*o - 2*o + 336. Let l(q) = 13*q**2 + 2*q - 1. Let a be l(1). What is the greatest common factor of a and o?
14
Let c(a) = -31*a - 2. Let i be c(-2). Let g = 12 - 7. Let u = 7 + g. What is the highest common factor of u and i?
12
Suppose -c + 5*p - 7 = -0*c, 5*c + 4*p - 52 = 0. Calculate the highest common factor of 8 and c.
8
Suppose 5*p - 3*x + 10 = 163, 0 = -2*p - 5*x + 86. Calculate the greatest common factor of p and 22.
11
Let x = -42 - -267. Let z = x + -41. What is the highest common factor of 23 and z?
23
Suppose -3*c + s + 648 = -0*c, -5*c + 4*s + 1080 = 0. Suppose 3*t - c = t. Let g = -63 + t. What is the highest common divisor of 18 and g?
9
Suppose 10 = v - 2*t, 5*v + 5 = -0*t - t. Suppose f = -v*f - 5*c + 19, 4*f - 3*c - 7 = 0. What is the highest common divisor of f and 32?
4
Suppose -4*j + 15 + 1 = 0, 0 = 3*h + 3*j - 114. What is the greatest common divisor of 68 and h?
34
Suppose 5*w + 7 = -8. Let s(i) = -i**3 - 2*i**2 - i. Let r be s(w). Calculate the greatest common factor of r and 48.
12
Suppose 0 = -4*k + 147 + 13. Calculate the highest common factor of k and 60.
20
Suppose -2*k - 4 + 20 = 5*w, 48 = 2*k - 3*w. Calculate the highest common divisor of k and 72.
18
Let v be 30 - 0 - 4/2. Suppose -v + 10 = -a. Let g = a + -10. What is the highest common divisor of 2 and g?
2
Suppose -9*n = -4*n - 150. What is the greatest common divisor of 20 and n?
10
Let k(l) = -l**2 + 16*l - 6. Let w be k(13). What is the greatest common factor of w and 11?
11
Suppose -14 = -g + 13. Suppose 0 = 4*y - 3*y - 43. Let d = y - g. Calculate the highest common factor of 24 and d.
8
Let y = -14 + 24. Calculate the greatest common divisor of 30 and y.
10
Suppose 4*j - t - 37 = 69, -3*j + 2*t + 77 = 0. What is the greatest common factor of j and 3?
3
Let w(o) = -20*o + 6. Let x be w(11). Let q be -4 - (0 + x - -1). What is the greatest common divisor of q and 19?
19
Let s(i) = -i**3 + 15*i**2 - 10*i + 22. Let x be s(9). What is the highest common divisor of 22 and x?
22
Let k = 41 + -23. Calculate the greatest common factor of k and 126.
18
Suppose -z + m = 78, 5*m + 7 + 8 = 0. Suppose -2*l - 241 = w, w = l - 0*w + 128. Let p = z - l. Calculate the greatest common factor of p and 28.
14
Suppose 2*c = 3*c - 16. Let f = -59 - -123. Calculate the greatest common factor of c and f.
16
Let r(j) = 5*j - 3. Let b be r(2). Let x be b*2/(0 + 2). Let i(z) = z**3 + 7*z**2 + 6*z - 6. Let w be i(-5). What is the greatest common factor of w and x?
7
Let a be (2 - 3)*(0 + -15). Let p be (-3)/(-6) - a/(-2). Suppose p = n + 4*q, -q - q - 2 = 0. What is the highest common divisor of 84 and n?
12
Suppose 4*f + 5*y - 44 = 35, f + 2*y - 22 = 0. Calculate the highest common divisor of 48 and f.
16
Let q be (-4)/((-4)/(0 - -4)). Let v be (q + 13/(-3))*-18. Calculate the highest common divisor of 6 and v.
6
Let b be 7/((-14)/(-4)) + 4. Suppose -b*w + 40 = -w. What is the highest common factor of w and 88?
8
Let f be 1/(-1 + (-9)/(-6)). Let p be 15 + (1 - f)*1. Calculate the highest common factor of p and 35.
7
Let k = -11 + 23. Let l(j) = 4*j. Let p be l(6). Calculate the greatest common divisor of p and k.
12
Let k = 13 - 3. Let x(t) = 2*t - k*t - 2 + 2. Let f be x(-9). Calculate the highest common divisor of f and 8.
8
Let s(d) = d**3 - 4*d**2 + 1. Let y be s(4). Suppose 4*h + 7 = -y. Let m = 1 - h. Calculate the greatest common divisor of m and 24.
3
Let u = -8 - -15. Suppose 2*a = -3*m + 2, -4*m = -3*a + 30 + u. What is the greatest common factor of 7 and a?
7
Suppose 3*k = u + 32, 0*k = -3*k + 4*u + 47. Calculate the greatest common divisor of k and 3.
3
Let x = 17 - 7. Let v = x + 2. Calculate the highest common divisor of 6 and v.
6
Let l = 15 + -3. Suppose q - 3*q = -l. What is the greatest common factor of 6 and q?
6
Suppose -7*a = -2*a. Suppose a = -x + 17 - 5. What is the highest common divisor of 4 and x?
4
Let d be (-4430)/(-35) - (-1)/((-14)/8). What is the greatest common divisor of 14 and d?
14
Let w be (-6)/(-12)*11*22. Let s = -52 + w. What is the greatest common divisor of s and 23?
23
Suppose 50 + 76 = 14*z. What is the highest common factor of z and 90?
9
Suppose 0*v = 6*v - 12. Suppose v*f + 0*u - 163 = u, -5*f - 5*u = -400. Calculate the greatest common divisor of f and 9.
9
Suppose -2*l - 9 = -3*l - 4*h, 0 = -4*l - 3*h + 10. Let g be l/(-2 - 20/(-8)). Calculate the highest common divisor of 5 and g.
1
Let n(k) = -8*k + 2. Let u be n(-2). What is the highest common divisor of 45 and u?
9
Let r be (0 - -32)*(3 - 2). What is the highest common factor of r and 80?
16
Suppose -4*i + 11 + 1 = 0. Let w(v) = v**2 - 5*v. Let d be w(5). Suppose d*g = -5*c - g + 49, i*g = 3*c - 33. Calculate the highest common divisor of c and 25.
5
Suppose -4*z + 36 = 8. What is the highest common divisor of z and 7?
7
Suppose 5*w = c - 85, 3*c - 2*w - 96 = 107. Calculate the greatest common factor of 26 and c.
13
Suppose 4*a - 212 - 404 = 0. What is the greatest common factor of 14 and a?
14
Let n = 4 + -2. Supp